350147 a multiple of 11?
True
Is 95556 a multiple of 40?
False
Does 10 divide 1205640?
True
Is 22 a factor of 558832?
False
Does 51 divide 183855?
True
Is 589186 a multiple of 442?
True
Is 379180 a multiple of 3?
False
Does 3 divide 17448?
True
Does 20 divide 3446514?
False
Is 123 a factor of 46139?
False
Does 29 divide 357752?
False
Does 173 divide 7687428?
True
Is 25503435 a multiple of 41?
True
Is 36903357 a multiple of 27?
True
Is 27 a factor of 285811?
False
Is 409343 a multiple of 16?
False
Is 28968660 a multiple of 36?
True
Is 9 a factor of 57582?
True
Is 23685 a multiple of 15?
True
Does 388 divide 7380536?
True
Is 7 a factor of 3657861?
False
Is 1016554 a multiple of 161?
True
Is 80 a factor of 3405840?
True
Is 61 a factor of 3616531?
False
Does 5 divide 34753?
False
Is 118 a factor of 14069345?
False
Does 26 divide 206100?
False
Is 729007 a multiple of 199?
False
Does 141 divide 48519?
False
Does 136 divide 13378048?
True
Is 166060 a multiple of 23?
True
Is 18 a factor of 207880?
False
Is 5 a factor of 5177863?
False
Is 25 a factor of 495296?
False
Is 14 a factor of 12502?
True
Does 4 divide 1401964?
True
Does 457 divide 506282?
False
Does 170 divide 3864440?
True
Is 180910 a multiple of 79?
True
Is 2675769 a multiple of 287?
False
Is 15 a factor of 8000565?
True
Does 20 divide 6680?
True
Is 323406 a multiple of 1847?
False
Is 15 a factor of 34502?
False
Does 3 divide 2232?
True
Is 143627 a multiple of 9?
False
Is 3408418 a multiple of 50?
False
Is 534 a factor of 89712?
True
Is 19168 a multiple of 4?
True
Is 15308436 a multiple of 1622?
True
Is 2420909 a multiple of 34?
False
Does 57 divide 606444?
False
Is 47 a factor of 14095958?
True
Is 8667347 a multiple of 13?
True
Is 652 a factor of 15404804?
True
Is 7469248 a multiple of 16?
True
Is 1210044 a multiple of 309?
True
Is 1100814 a multiple of 39?
True
Is 75 a factor of 10354852?
False
Is 204 a factor of 226228?
False
Is 11209309 a multiple of 549?
False
Is 12 a factor of 1388125?
False
Is 47 a factor of 543314?
False
Is 40 a factor of 1655166?
False
Is 6127425 a multiple of 241?
True
Is 1106190 a multiple of 482?
True
Is 4 a factor of 743124?
True
Is 84213 a multiple of 27?
True
Does 6 divide 16932?
True
Does 502 divide 533327?
False
Is 3 a factor of 1386178?
False
Does 385 divide 467005?
True
Is 9 a factor of 28694?
False
Is 153 a factor of 38825900?
False
Is 287353 a multiple of 11?
True
Is 6032808 a multiple of 8?
True
Is 108069 a multiple of 3?
True
Is 19481 a multiple of 39?
False
Is 43 a factor of 78616?
False
Is 31 a factor of 7504912?
False
Is 3212205 a multiple of 25?
False
Is 32238 a multiple of 298?
False
Does 1965 divide 8715823?
False
Does 3 divide 599117?
False
Does 8 divide 33476?
False
Is 119 a factor of 52241?
True
Does 218 divide 85456?
True
Is 4376532 a multiple of 22?
False
Does 17 divide 814776?
True
Is 922 a factor of 1862522?
False
Is 44 a factor of 1519540?
True
Is 24 a factor of 121040?
False
Does 377 divide 1115853?
False
Does 51 divide 370558?
False
Is 2579720 a multiple of 820?
True
Is 37 a factor of 1312926?
False
Does 6 divide 254568?
True
Is 5 a factor of 53800?
True
Is 3636402 a multiple of 2?
True
Does 61 divide 106855?
False
Is 9 a factor of 408374?
False
Does 190 divide 223500?
False
Does 39 divide 1678911?
True
Is 30 a factor of 258060?
True
Does 380 divide 1999042?
False
Is 564 a factor of 37553?
False
Is 145298 a multiple of 7?
False
Does 11 divide 16071?
True
Does 6 divide 57749?
False
Does 211 divide 329582?
True
Is 103 a factor of 1901190?
False
Does 36 divide 22292?
False
Is 5 a factor of 14280?
True
Is 24 a factor of 2190168?
True
Is 94 a factor of 128028?
True
Is 70427 a multiple of 28?
False
Does 36 divide 80915?
False
Is 1606615 a multiple of 41?
False
Is 45268 a multiple of 4?
True
Is 439665 a multiple of 15?
True
Is 10 a factor of 44418?
False
Is 3173492 a multiple of 14?
True
Does 10 divide 1476079?
False
Is 7074963 a multiple of 61?
True
Is 22 a factor of 332638?
False
Is 1121052 even?
True
Is 863721 a multiple of 156?
False
Is 69664 a multiple of 28?
True
Does 20 divide 39304?
False
Does 298 divide 100426?
True
Is 1079456 a multiple of 553?
True
Does 10 divide 3086327?
False
Does 16 divide 839788?
False
Is 292 a factor of 1730100?
True
Is 240 a factor of 8865360?
True
Does 72 divide 4074?
False
Does 653 divide 549724?
False
Does 353 divide 1986782?
False
Is 47 a factor of 46932?
False
Is 228990 a multiple of 449?
True
Does 91 divide 1374100?
True
Is 8 a factor of 659416?
True
Is 26208 a multiple of 18?
True
Is 52146 a multiple of 8?
False
Is 367 a factor of 69672?
False
Is 57232 a multiple of 112?
True
Is 24 a factor of 541719?
False
Is 8 a factor of 5063320?
True
Is 51116 a multiple of 52?
True
Does 233 divide 166397?
False
Does 15 divide 235388?
False
Is 18 a factor of 244056?
False
Is 932839 a multiple of 121?
False
Is 16261 even?
False
Does 51 divide 902204?
False
Is 503907 a multiple of 23?
True
Is 12711 a multiple of 223?
True
Is 1564112 a multiple of 27?
False
Is 87 a factor of 4985622?
True
Does 67 divide 511951?
False
Is 101 a factor of 1310301?
False
Is 16 a factor of 19459600?
True
Does 120 divide 395640?
True
Is 3909855 a multiple of 240?
False
Does 79 divide 29733?
False
Does 1730 divide 4333650?
True
Is 8735580 a multiple of 70?
True
Is 6 a factor of 54126?
True
Does 455 divide 2674848?
False
Does 54 divide 140994?
True
Does 233 divide 30939?
False
Does 17 divide 1042320?
False
Is 112065 a multiple of 20?
False
Does 31 divide 263483?
False
Does 15 divide 1729950?
True
Does 927 divide 1035141?
False
Is 116250 a multiple of 150?
True
Is 22 a factor of 65005?
False
Does 16 divide 3883510?
False
Is 1043 a factor of 11233110?
True
Is 14894774 a multiple of 73?
True
Is 64876 a multiple of 3?
False
Is 230 a factor of 1025130?
False
Is 340384 a multiple of 5?
False
Is 15302757 a multiple of 1929?
True
Does 8 divide 77848?
True
Does 128 divide 636416?
True
Does 67 divide 86546?
False
Is 1183920 a multiple of 41?
False
Does 15 divide 13196182?
False
Does 29 divide 348136?
False
Is 346839 a multiple of 100?
False
Is 5 a factor of 149970?
True
Is 9 a factor of 1059457?
False
Is 42 a factor of 1481718?
True
Is 20 a factor of 110391?
False
Is 5085450 a multiple of 18?
True
Is 1584154 a multiple of 26?
True
Is 125 a factor of 80143?
False
Does 6 divide 7921?
False
Is 190704 a multiple of 3?
True
Is 77025 a multiple of 3?
True
Does 109 divide 9870822?
True
Is 217 a factor of 200725?
True
Is 9558 a multiple of 118?
True
Does 106 divide 2810272?
True
Is 19233806 a multiple of 192?
False
Is 13892 a multiple of 17?
False
Does 47 divide 197259?
True
Does 15 divide 771195?
True
Is 18 a factor of 933065?
False
Is 402875 a multiple of 11?
True
Is 17 a factor of 5695?
True
Is 1293398 a multiple of 194?
True
Does 43 divide 17403072?
False
Does 33 divide 80355?
True
Does 19 divide 1075134?
True
Is 15 a factor of 118170?
True
Is 995 a factor of 17246181?
False
Is 479 a factor of 5239160?
False
Is 2087837 a multiple of 83?
False
Is 147700 a multiple of 28?
True
Is 28155 a multiple of 55?
False
Is 35 a factor of 1529212?
False
Does 6 divide 16638?
True
Does 44 divide 21194?
False
Does 48 divide 498897?
False
Is 566177 a multiple of 217?
False
Is 13798701 a multiple of 205?
False
Is 13 a factor of 57254?
False
Is 10 a factor of 1818130?
True
Is 1060944 a multiple of 93?
True
Is 116117 a multiple of 115?
False
Is 192717 a multiple of 161?
True
Is 448 a factor of 2131378?
False
Does 41 divide 402743?
True
Is 12 a factor of 647808?
True
Is 80 a factor of 224400?
True
Does 474 divide 19623600?
True
Does 129 divide 184483?
False
Is 232904 a multiple of 14?
True
Does 191 divide 118802?
True
Does 9 divide 1995142?
False
Is 288084 a multiple of 12?
True
Is 828560 a multiple of 40?
True
Is 49 a factor of 1513316?
True
Does 785 divide 5151170?
True
Is 8296904 a multiple of 56?
True
Is 4444 a multiple of 22?
True
Is 68 a factor of 5170448?
True
Is 360481 a multiple of 125?
False
Is 39 a factor of 563205?
False
Does 15 divide 2896910?
False
Is 31 a factor of 7867087?
True
Does 212 divide 173005?
False
Is 97332 a multiple of 8?
False
Does 65 divide 171145?
True
Is 472414 a multiple of 15?
False
Is 621 a factor of 740232?
True
Is 431730 a multiple of 234?